{"id":5,"date":"2019-05-12T01:21:23","date_gmt":"2019-05-11T23:21:23","guid":{"rendered":"http:\/\/www.hejda.eu\/?page_id=5"},"modified":"2019-05-22T19:33:36","modified_gmt":"2019-05-22T17:33:36","slug":"o-nas","status":"publish","type":"page","link":"https:\/\/www.hejda.eu\/","title":{"rendered":"O n\u00e1s"},"content":{"rendered":"<p>O na\u0161e z\u00e1kazn\u00edky pe\u010dujeme ji\u017e od roku 2001. Zpo\u010d\u00e1tku byly hlavn\u00ed n\u00e1pln\u00ed dod\u00e1vky IT techniky a ekonomick\u00fdch syst\u00e9m\u016f v\u010d. souvisej\u00edc\u00ed podpory. Ji\u017e o 2 roky pozd\u011bji jsme za\u010dali nab\u00edzet registrace dom\u00e9n, hosting a dod\u00e1vky vlastn\u00edch server\u016f. V roce 2015 jsme pak slu\u017eby roz\u0161\u00ed\u0159ili i o pron\u00e1jem techniky, virtualizaci server\u016f a p\u0159edev\u0161\u00edm o vlastn\u00ed cloud.<\/p>\n<p>V sou\u010dasn\u00e9 dob\u011b hostujeme v\u00edce jak 250 dom\u00e9n, star\u00e1me se o n\u011bkolik des\u00edtek server\u016f a na\u0161ich slu\u017eeb vyu\u017e\u00edv\u00e1 t\u00e9m\u011b\u0159 stovka firem z ji\u017en\u00edch, z\u00e1padn\u00edch a st\u0159edn\u00edch \u010cech.<\/p>\n<p>P\u0159enechte n\u00e1m Va\u0161e starosti s IT a sta\u0148te se i Vy na\u0161\u00edm dal\u0161\u00edm spokojen\u00fdm klientem.<\/p>\n\n\n<p><\/p>\n","protected":false},"excerpt":{"rendered":"<p>O na\u0161e z\u00e1kazn\u00edky pe\u010dujeme ji\u017e od roku 2001. Zpo\u010d\u00e1tku byly hlavn\u00ed n\u00e1pln\u00ed dod\u00e1vky IT techniky a ekonomick\u00fdch syst\u00e9m\u016f v\u010d. souvisej\u00edc\u00ed podpory. Ji\u017e o 2 roky pozd\u011bji jsme za\u010dali nab\u00edzet registrace dom\u00e9n, hosting a dod\u00e1vky vlastn\u00edch server\u016f. V roce 2015 jsme pak slu\u017eby roz\u0161\u00ed\u0159ili i o pron\u00e1jem techniky, virtualizaci server\u016f a p\u0159edev\u0161\u00edm o vlastn\u00ed cloud. V &hellip; <\/p>\n<p class=\"link-more\"><a href=\"https:\/\/www.hejda.eu\/\" class=\"more-link\">Pokra\u010dovat ve \u010dten\u00ed<span class=\"screen-reader-text\"> &#8222;O n\u00e1s&#8220;<\/span><\/a><\/p>\n","protected":false},"author":1,"featured_media":0,"parent":0,"menu_order":0,"comment_status":"closed","ping_status":"closed","template":"","meta":{"footnotes":""},"class_list":["post-5","page","type-page","status-publish","hentry"],"_links":{"self":[{"href":"https:\/\/www.hejda.eu\/index.php?rest_route=\/wp\/v2\/pages\/5","targetHints":{"allow":["GET"]}}],"collection":[{"href":"https:\/\/www.hejda.eu\/index.php?rest_route=\/wp\/v2\/pages"}],"about":[{"href":"https:\/\/www.hejda.eu\/index.php?rest_route=\/wp\/v2\/types\/page"}],"author":[{"embeddable":true,"href":"https:\/\/www.hejda.eu\/index.php?rest_route=\/wp\/v2\/users\/1"}],"replies":[{"embeddable":true,"href":"https:\/\/www.hejda.eu\/index.php?rest_route=%2Fwp%2Fv2%2Fcomments&post=5"}],"version-history":[{"count":8,"href":"https:\/\/www.hejda.eu\/index.php?rest_route=\/wp\/v2\/pages\/5\/revisions"}],"predecessor-version":[{"id":112,"href":"https:\/\/www.hejda.eu\/index.php?rest_route=\/wp\/v2\/pages\/5\/revisions\/112"}],"wp:attachment":[{"href":"https:\/\/www.hejda.eu\/index.php?rest_route=%2Fwp%2Fv2%2Fmedia&parent=5"}],"curies":[{"name":"wp","href":"https:\/\/api.w.org\/{rel}","templated":true}]}}